et r(i) = 30*i - 72. Let n be (-5 - (-6 - 0))/(1/11). What is the hundreds digit of r(n)?
2
Suppose -44 = 5*w - 0*x - x, 5*w - 4*x + 56 = 0. Let v be (-3)/((-12)/w) - 0. What is the units digit of (-165)/(-5)*(-2)/v?
3
Let u(b) = -b**3 + 14*b**2 + 16*b + 19. Let g be 2/(4/(-120)*-4). What is the units digit of u(g)?
4
Suppose v - 7*v = -3570. Let p = v + -391. What is the hundreds digit of p?
2
Let m(q) = -q - 9. Let o be m(-12). Suppose -25 = -i + o. What is the tens digit of i?
2
Let s be (2/3)/((-18)/27). Let o be 2 + 2/s - -2. Let v(m) = 8*m**2 - 2*m - 2. What is the tens digit of v(o)?
2
Let t = 35 + -31. Suppose t*a - 9*a = -545. What is the units digit of a?
9
Suppose 6*s - 23 - 1 = 0. Suppose 4*m + 5*z - 5 = m, s = -2*z. What is the units digit of m?
5
Let l = -1 - -4. Let q(z) = -7 - l*z + z**3 + 13 - 2*z**3 - 8*z**2. What is the units digit of q(-8)?
0
Suppose -2*f - 866 = -4*o, -3*o = -6*o - 3*f + 654. What is the units digit of o?
7
Let y = -1 - -1. Suppose 5*s + 2*t + t + 40 = y, 24 = -3*s + t. Let i = 3 - s. What is the tens digit of i?
1
What is the tens digit of 0/1 + -2 + (42 - -3130)?
7
Let y be 3/((-4)/(-8) + 1). Suppose 0 = -2*m - 0*m - 4*h + 18, y*m + 3*h - 15 = 0. What is the units digit of (-28)/((-28)/(-12) - m)?
2
Suppose -20 = -3*v + 130. Let y = v - 40. What is the tens digit of y?
1
Let h(y) = 28*y**3 + 9*y**2 - 33*y + 9. What is the hundreds digit of h(3)?
7
Suppose -a + 3*a + 3*x + 27 = 0, -x - 5 = 0. Let i(z) be the first derivative of -z**2 - 30. What is the tens digit of i(a)?
1
Let v(n) = -n**2 - 5*n - 10. Let u be v(-3). What is the units digit of 8/(-16) + (-234)/u?
8
Suppose -5*y + 4 = 39. Let w = 72 + y. What is the tens digit of w?
6
Suppose 0*r + 12 = 2*r. Let j be 27/6*16/r. Suppose -z + 16 = -j. What is the units digit of z?
8
Let w(m) = -5*m**3 - m**2 + 2*m - 2. Let n be w(1). Let z(g) = -g**3 - 6*g**2 - 10*g - 14. What is the tens digit of z(n)?
4
Let n(a) = -a**3 - 5*a**2 + a - 2. Let k be n(-6). Let z = -811 - -811. Suppose -2*j + 3*j = -4*t + k, z = 4*j + 5*t - 101. What is the units digit of j?
4
Suppose -14*o + 15391 = -19917. What is the thousands digit of o?
2
Suppose -3 = q - 2*q. Let x be (q + (-8)/4)*0. What is the tens digit of (x - (-6)/(-4))*-18?
2
Let q(j) = -137*j + 6*j**2 + 5 + 134*j - 3. What is the units digit of q(1)?
5
Let j(v) = v**3 - 5*v**2 - 3*v - 1. Let y be j(6). What is the tens digit of 130*(-3 + y/5)?
5
Let d = -119 - -225. Suppose s = 4*f + d, -5*s + 4*f + 512 = 2*f. Suppose 8*i - 630 = -s. What is the tens digit of i?
6
Suppose -23*u + 3162 = -21*u. What is the hundreds digit of u?
5
Suppose -20 + 5 = 3*i, -2*i = 2*x + 6. Suppose -17 = -5*u - x. Suppose 5*n - u*n - 2 = 0. What is the units digit of n?
1
Let f(u) = u**2 + 13*u - 35. What is the tens digit of f(4)?
3
Suppose -5*x = f - 1378, 1217 = 4*x + 4*f + 105. What is the units digit of x?
5
Let c be (-2)/((-12)/(-16) + -1). Let v(u) = -c*u - 9 + 22 + 10*u. What is the units digit of v(10)?
3
What is the units digit of 7*1/(-28) + 2613/4?
3
What is the hundreds digit of 157/((0 + 2)*3/24)?
6
Let b = 44 + -21. Suppose 0 = -c - 2*s + b, 5*c + 4*s - 87 = s. What is the tens digit of c?
1
Suppose 0 = -2*i - 2*i + 28. Suppose i*t - 10*t + 180 = 0. What is the tens digit of t?
6
Suppose -351 = -4*u + w, 5*u + 5*w - 29 = 416. Suppose -3*n + x = -229, -n - 4*x - 3 + u = 0. What is the tens digit of n?
7
Let g = -7 - 0. Let c = g + 4. What is the tens digit of 15/c*3/(-1)?
1
Let z = 715 + 57. What is the units digit of z?
2
Let r be 2 + 4 + -770 + 0. What is the tens digit of r/(-8) - 9/6?
9
Suppose 0*f + 2304 = -6*f. Let a = -263 - f. What is the units digit of a?
1
Suppose 150*b = 106*b + 85668. What is the hundreds digit of b?
9
Let o = 32 - 28. What is the units digit of (-1172)/(-14) - o/(-14)?
4
Let q be (-3 + 2)/((-7)/63). Suppose g + 0 = q. What is the units digit of g?
9
Suppose 5*m = -v + 2*v + 5133, -3*v = 3*m - 3069. What is the tens digit of m?
2
Suppose -130 = -3*l + 269. Suppose 2*j - 4*t - 132 = -2*j, -4*j + l = -3*t. What is the units digit of j?
4
Suppose 2*r + 4*u = -1120, 4*r + 2*u - u = -2205. What is the units digit of 9/(-6)*r/15?
5
Let i be 72/(0 - 1 - 0). Let q be 3 - i - (0 + -1). Suppose -59 = -5*c + q. What is the units digit of c?
7
Suppose -4*a + 4*x = 424, 398 + 24 = -4*a + 3*x. Let c = a - -314. What is the hundreds digit of c?
2
What is the hundreds digit of (-2)/(1/(-1288)*2)?
2
Let q(i) = i**2 + 13*i - 14. Let k be q(-14). Suppose 28 = 3*w - 8. What is the tens digit of (52 - k)/(w - 10)?
2
Let f = 1 + 3. Suppose -j + 4*a = 23, a - 13 + 37 = -f*j. What is the units digit of 2/(-7) + (-30)/j?
4
Suppose -2*r = -219 + 61. Let m = r + 40. What is the units digit of m?
9
Suppose 0*m = -2*f + 4*m + 30, -3*f - 5*m - 10 = 0. Suppose 2*k + 233 = 2*b - k, -f*k + 620 = 5*b. What is the tens digit of b?
2
Suppose 0*u + 2*u = 3*v + 29, -3*v = -3*u + 36. Let n(m) = 11*m - 6*m + u - 13*m + 7*m**2 - m**3. What is the units digit of n(5)?
7
Let p(z) = -z + 7. Let u be p(4). Let d be u/9*104*-3. Let k = d + 169. What is the tens digit of k?
6
Let i = -215 - -215. Let r(y) = y**2 + 2*y. Let h be r(-3). Suppose i*m = h*m + 5*v - 84, 0 = 5*m - 2*v - 109. What is the units digit of m?
3
Suppose 190*h - 175*h = 7125. What is the hundreds digit of h?
4
Let b(q) = q**2 - 6*q + 3. Let x(y) = 2*y**2 - 6*y + 3. Let j(s) = -7*b(s) + 6*x(s). What is the tens digit of j(4)?
0
Suppose 3*l + 545 - 2768 = 0. What is the units digit of l?
1
Let l = 67 - 53. Let n be ((-8)/5)/(1/5). Let j = n + l. What is the units digit of j?
6
Let z = -25 + 15. Let a = 2 - -13. Let m = z + a. What is the units digit of m?
5
Let o = -1 - -7. Let h be 15/(-10)*(-8)/o. Suppose 2*b = 2, 2*b + 4 = -h*i + 54. What is the tens digit of i?
2
Let h(s) = -s + 16. Let u be (6 - 5)*(2 - -3). Suppose u*n = n. What is the tens digit of h(n)?
1
Suppose -5*y + 145 = 2*w, 4*y + 2*w - 115 = -1. Suppose y = -2*p - 63. Let z = p - -74. What is the tens digit of z?
2
Let b be (-2)/3 + 96/(-18). Suppose 0 = 5*z - 11 - 34. Let d = z + b. What is the units digit of d?
3
Let f(c) = -c**2 - c - 8. Let b(r) = 3*r**2 + 3*r + 25. Let z(o) = 3*b(o) + 8*f(o). What is the units digit of z(-8)?
7
What is the tens digit of 13/((-1)/(-82) + 0) + -1?
6
Suppose 0 = -4*c, 2*d - 5*c = -2*d + 40. Let o be (0 + -3)*(-2 + 1). Suppose -o*a = -40 + d. What is the tens digit of a?
1
Suppose 8*c = 6*c - 52. Let y = -2 - c. What is the tens digit of y?
2
Suppose -d = 4*d + 1000. Let x = -130 - d. Let q = -41 + x. What is the units digit of q?
9
Suppose 3*h - 2*d = 0, 3*h + 4*d - 2 = 16. Suppose h*f - 52 = l, 3*l + l = -4*f - 196. Let r = 84 + l. What is the units digit of r?
4
Let h(r) = 2*r**2 - 32. Let p be h(0). What is the tens digit of 2 + (-21)/12 - 1784/p?
5
Let t = -274 + 1029. What is the tens digit of t?
5
Suppose 74*w = 67*w + 1792. What is the hundreds digit of w?
2
Let g = -11 + 9. Let r = -1 - g. What is the units digit of (-5 + r + -15)*-2?
8
Suppose 0 = 2*b - 4*u - 2680, -2*b - 542 = -u - 3216. What is the thousands digit of b?
1
Suppose 3*k = -4*a + 6*k + 52, -k = -4. Let y = 18 - a. What is the units digit of y?
2
Let r(w) = w**3 + 10*w**2 - 15*w + 8. Let b be -1 - (19/(-1))/1. Suppose 11 = 17*d - b*d. What is the tens digit of r(d)?
5
Suppose 274*q + 244 = 278*q. What is the units digit of q?
1
Let n = -71 - -117. Suppose -4*a + 5*a - n = 5*r, -r = 0. What is the units digit of a?
6
Suppose 2*l - 376*o = -380*o + 6612, -4*l + 3*o + 13224 = 0. What is the units digit of l?
6
Suppose -14*c = -18*c + 20. Suppose c*p - 26 = 9. Suppose p*k = 5*k + 14. What is the units digit of k?
7
Let q be ((-6)/9)/(2/12). Let i be (3 - (1 - q)) + -22. What is the units digit of (4 - -5)/((-9)/i)?
4
Suppose s - 5*g + 3*g = 237, -272 = -s - 5*g. What is the tens digit of s?
4
Let w = -3042 - -5028. What is the units digit of w?
6
Suppose 2446 = 5*v + 456. What is the tens digit of v?
9
Let x(l) = 2*l**2 - 2*l - 1. Suppose 0 = -2*w + 1 + 3. What is the units digit of x(w)?
3
Let p be -15*(-4 - 104/(-20)). Let g be (-7)/(3/42*-2). Let f = g + p. What is the units digit of f?
1
Let o = 290 - -565. What is the tens digit of o?
5
Let r = -414 - -674. What is the hundreds digit of r?
2
Supp